st common factor of 70 and 175.
35
What is the highest common factor of 32 and 32?
32
What is the greatest common divisor of 24 and 1168?
8
Calculate the greatest common factor of 731 and 34.
17
Calculate the greatest common factor of 94 and 705.
47
Calculate the greatest common divisor of 329 and 6533.
47
What is the highest common divisor of 9 and 15?
3
What is the greatest common divisor of 120 and 2760?
120
Calculate the highest common divisor of 1452 and 12.
12
Calculate the highest common divisor of 57 and 323.
19
What is the highest common divisor of 18 and 364?
2
Calculate the highest common factor of 6012 and 198.
18
Calculate the greatest common divisor of 140 and 6412.
28
Calculate the greatest common divisor of 108 and 6750.
54
Calculate the highest common divisor of 180 and 20.
20
What is the greatest common divisor of 114 and 6?
6
Calculate the greatest common divisor of 104 and 1144.
104
Calculate the highest common factor of 558 and 5.
1
Calculate the highest common factor of 4 and 124.
4
What is the highest common factor of 387 and 43?
43
Calculate the greatest common factor of 15 and 27.
3
Calculate the greatest common factor of 165 and 255.
15
What is the highest common divisor of 70 and 1040?
10
Calculate the greatest common divisor of 810 and 180.
90
What is the highest common divisor of 276 and 216?
12
What is the highest common divisor of 516 and 108?
12
Calculate the highest common divisor of 57 and 4902.
57
Calculate the greatest common divisor of 310 and 10.
10
What is the greatest common divisor of 108 and 2388?
12
What is the greatest common factor of 378 and 42?
42
What is the greatest common factor of 42 and 21?
21
Calculate the greatest common factor of 266 and 56.
14
What is the greatest common divisor of 5699 and 278?
139
Calculate the greatest common factor of 136 and 3638.
34
Calculate the greatest common factor of 4849 and 13.
13
Calculate the highest common divisor of 134 and 10586.
134
What is the highest common divisor of 8 and 164?
4
What is the highest common divisor of 249 and 6?
3
Calculate the greatest common divisor of 6 and 96.
6
Calculate the greatest common divisor of 30 and 23040.
30
Calculate the greatest common factor of 203 and 116.
29
Calculate the highest common factor of 147 and 651.
21
What is the greatest common factor of 3 and 87?
3
What is the greatest common divisor of 120 and 2910?
30
Calculate the greatest common factor of 29120 and 48.
16
What is the highest common divisor of 30 and 1434?
6
What is the highest common divisor of 623 and 7?
7
What is the highest common divisor of 725 and 200?
25
Calculate the greatest common divisor of 837 and 54.
27
What is the highest common factor of 2686 and 34?
34
What is the highest common divisor of 138 and 92?
46
Calculate the highest common divisor of 54 and 30.
6
Calculate the greatest common divisor of 3050 and 50.
50
What is the greatest common factor of 40 and 30?
10
What is the greatest common divisor of 1148 and 364?
28
Calculate the greatest common divisor of 368 and 23460.
92
What is the greatest common factor of 7968 and 384?
96
Calculate the highest common factor of 10 and 424.
2
Calculate the highest common divisor of 511 and 365.
73
What is the greatest common factor of 192 and 552?
24
Calculate the greatest common divisor of 5157 and 108.
27
Calculate the highest common factor of 10 and 410.
10
Calculate the highest common divisor of 44 and 77.
11
What is the greatest common divisor of 348 and 228?
12
What is the highest common factor of 378 and 175?
7
Calculate the highest common factor of 549 and 9.
9
What is the highest common factor of 261 and 870?
87
What is the greatest common factor of 39 and 3614?
13
What is the highest common factor of 36 and 126?
18
Calculate the highest common divisor of 45 and 2085.
15
Calculate the highest common divisor of 210 and 1750.
70
Calculate the greatest common factor of 1958 and 66.
22
Calculate the greatest common factor of 648 and 1053.
81
Calculate the greatest common factor of 1012 and 391.
23
Calculate the greatest common factor of 253 and 11.
11
Calculate the highest common divisor of 55 and 1760.
55
What is the greatest common factor of 217 and 91?
7
What is the greatest common divisor of 26 and 8?
2
Calculate the highest common factor of 78 and 3406.
26
What is the highest common factor of 493 and 153?
17
Calculate the greatest common divisor of 51 and 289.
17
What is the highest common divisor of 756 and 102?
6
What is the highest common divisor of 20 and 60?
20
What is the greatest common divisor of 2698 and 76?
38
What is the highest common divisor of 340 and 15?
5
Calculate the greatest common divisor of 14 and 4039.
7
What is the highest common divisor of 904 and 24?
8
What is the greatest common factor of 360 and 144?
72
What is the highest common factor of 240 and 200?
40
What is the highest common divisor of 7 and 539?
7
Calculate the highest common factor of 1728 and 512.
64
What is the highest common divisor of 720 and 1008?
144
What is the greatest common divisor of 468 and 260?
52
Calculate the greatest common divisor of 1096 and 23564.
548
Calculate the highest common factor of 58 and 17951.
29
Calculate the greatest common factor of 300 and 230.
10
Calculate the greatest common divisor of 22 and 22.
22
Calculate the greatest common divisor of 67 and 1809.
67
Calculate the highest common divisor of 66 and 678.
6
What is the greatest common divisor of 1630 and 50?
10
Calculate the greatest common factor of 204 and 136.
68
What is the greatest common factor of 24 and 132?
12
What is the highest common divisor of 37 and 13690?
37
What is the greatest common factor of 1428 and 3451?
119
Calculate the greatest common divisor of 12 and 252.
12
What is the greatest common divisor of 128 and 240?
16
Calculate the greatest common divisor of 24 and 104.
8
Calculate the greatest common factor of 4745 and 365.
365
What is the highest common factor of 120 and 25?
5
Calculate the highest common factor of 16 and 72.
8
What is the highest common factor of 150 and 180?
30
Calculate the highest common divisor of 54 and 4.
2
Calculate the highest common factor of 81 and 1377.
81
Calculate the highest common divisor of 150 and 350.
50
What is the highest common divisor of 96 and 1632?
96
What is the highest common divisor of 368 and 4439?
23
What is the highest common factor of 3312 and 480?
48
Calculate the highest common factor of 98 and 14.
14
Calculate the highest common divisor of 4 and 244.
4
Calculate the highest common factor of 30 and 2595.
15
Calculate the highest common factor of 102 and 731.
17
Calculate the highest common divisor of 441 and 12.
3
Calculate the highest common factor of 12610 and 130.
130
What is the highest common factor of 525 and 21?
21
What is the highest common divisor of 648 and 7668?
108
Calculate the highest common factor of 392 and 4263.
49
What is the greatest common factor of 51 and 3?
3
What is the highest common divisor of 14 and 77?
7
Calculate the greatest common divisor of 3008 and 128.
64
What is the highest common divisor of 722 and 152?
38
Calculate the highest common factor of 1520 and 90.
10
Calculate the highest common factor of 24 and 42.
6
Calculate the greatest common divisor of 72 and 120.
24
Calculate the greatest common divisor of 3636 and 18.
18
Calculate the highest common divisor of 1152 and 32.
32
What is the highest common divisor of 130 and 9685?
65
What is the highest common factor of 368 and 230?
46
What is the highest common factor of 4440 and 128?
8
Calculate the highest common factor of 285 and 240.
15
What is the highest common factor of 12 and 18?
6
What is the highest common divisor of 2034 and 226?
226
What is the greatest common factor of 1239 and 63?
21
Calculate the highest common divisor of 819 and 693.
63
What is the greatest common factor of 732 and 48?
12
Calculate the greatest common factor of 484 and 836.
44
What is the greatest common factor of 112 and 616?
56
What is the greatest common factor of 1056 and 48?
48
Calculate the greatest common factor of 75 and 45.
15
What is the highest common divisor of 28 and 756?
28
What is the greatest common factor of 882 and 36?
18
What is the greatest common diviso